{"id":56,"date":"2023-03-21T15:15:30","date_gmt":"2023-03-21T15:15:30","guid":{"rendered":"https:\/\/net4air.eu\/home\/?page_id=56"},"modified":"2024-03-22T11:58:29","modified_gmt":"2024-03-22T11:58:29","slug":"media","status":"publish","type":"page","link":"https:\/\/net4air.eu\/home\/media\/","title":{"rendered":"Media"},"content":{"rendered":"\n<h4 class=\"wp-block-heading\">Press Releases<\/h4>\n\n\n\n<div class=\"wp-block-query is-layout-flow wp-block-query-is-layout-flow\"><ul class=\"wp-block-post-template is-layout-flow wp-block-post-template-is-layout-flow\"><li class=\"wp-block-post post-609 post type-post status-publish format-standard hentry category-media-news\">\n<h2 class=\"has-link-color justify-text wp-elements-01d8fc6b06189f94fd06838e8351d3c7 wp-block-post-title\"><a href=\"https:\/\/net4air.eu\/home\/the-national-rd-institute-for-microtechnologies-launched-the-centre-of-excellence-in-air-monitoring-technologies\/\" target=\"_self\" >The National R&amp;D Institute for Microtechnologies launched the Centre of Excellence in air monitoring technologies<\/a><\/h2>\n\n<div class=\"justify-text wp-block-post-excerpt\"><p class=\"wp-block-post-excerpt__excerpt\">The National Institute for Microtechnology, IMT-Bucharest, announces the launch of the Net4Air Center of Excellence in environmental monitoring technologies. The event took place on October 12th, 2023, in Sinaia, in the presence of partners and representatives of local and central authorities. <\/p><\/div>\n\n\n<hr class=\"wp-block-separator has-css-opacity\"\/>\n\n\n<div class=\"wp-block-post-date\"><time datetime=\"2023-10-16T07:27:09+00:00\">October 16, 2023<\/time><\/div>\n<\/li><li class=\"wp-block-post post-323 post type-post status-publish format-standard hentry category-media-news\">\n<h2 class=\"has-link-color justify-text wp-elements-01d8fc6b06189f94fd06838e8351d3c7 wp-block-post-title\"><a href=\"https:\/\/net4air.eu\/home\/the-national-rd-institute-for-microtechnologies-in-bucharest-aims-to-put-romania-on-the-map-of-air-quality-monitoring-experts\/\" target=\"_self\" >The National R&#038;D Institute for Microtechnologies in Bucharest aims to put Romania on the map of air quality monitoring experts<\/a><\/h2>\n\n<div class=\"justify-text wp-block-post-excerpt\"><p class=\"wp-block-post-excerpt__excerpt\">The National Institute for Research and Development in Microtechnologies (IMT) Bucharest has obtained European Commission funding to improve its research capacity in the field of air quality monitoring, through a project within which the Romanian institution will benefit from the expertise of research institutions from Ireland and Italy. <\/p><\/div>\n\n\n<hr class=\"wp-block-separator has-css-opacity\"\/>\n\n\n<div class=\"wp-block-post-date\"><time datetime=\"2023-02-15T14:33:00+00:00\">February 15, 2023<\/time><\/div>\n<\/li><\/ul><\/div>\n\n\n\n<div style=\"height:60px\" aria-hidden=\"true\" class=\"wp-block-spacer\"><\/div>\n\n\n\n<h4 class=\"wp-block-heading\">NET4Air in Media<\/h4>\n\n\n\n<p><strong>Romanian Press<\/strong> <strong>on Project Launch<\/strong><\/p>\n\n\n\n<figure class=\"wp-block-gallery has-nested-images columns-5 is-cropped wp-block-gallery-1 is-layout-flex wp-block-gallery-is-layout-flex\">\n<figure class=\"wp-block-image size-large\"><a href=\"https:\/\/www.greennews.ro\/article\/romania-dezvolta-sisteme-portabile-de-monitorizare-a-calitatii-aerului-cu-bani-de-la-comisia-europeana\" target=\"_blank\" rel=\"noreferrer noopener\"><img loading=\"lazy\" decoding=\"async\" width=\"251\" height=\"201\" data-id=\"339\" src=\"https:\/\/net4air.eu\/home\/wp-content\/uploads\/2023\/03\/GreenNews.png\" alt=\"Rom\u00e2nia dezvolt\u0103 sisteme portabile de monitorizare a calit\u0103\u021bii aerului cu bani de la Comisia European\u0103\" class=\"wp-image-339\"\/><\/a><\/figure>\n\n\n\n<figure class=\"wp-block-image size-full\"><a href=\"http:\/\/www.marketwatch.ro\/articol\/18038\/IMT_Bucuresti_va_coordona_un_proiect_european_de_monitorizare_a_calitatii_aerului_prin_intermediul_nanoelectronicii\/\"><img loading=\"lazy\" decoding=\"async\" width=\"150\" height=\"141\" data-id=\"587\" src=\"https:\/\/net4air.eu\/home\/wp-content\/uploads\/2023\/10\/MarketWatch.png\" alt=\"\" class=\"wp-image-587\"\/><\/a><\/figure>\n\n\n\n<figure class=\"wp-block-image size-large\"><a href=\"https:\/\/www.mediafax.ro\/tehnologie\/platforma-de-monitorizare-a-aerului-bazata-pe-nanoelectronica-dezvoltata-intr-un-proiect-mcid-21613944\" target=\"_blank\" rel=\"noreferrer noopener\"><img loading=\"lazy\" decoding=\"async\" width=\"225\" height=\"225\" data-id=\"340\" src=\"https:\/\/net4air.eu\/home\/wp-content\/uploads\/2023\/03\/Mediafax.png\" alt=\"Platforma de monitorizare a aerului bazata pe nanoelectronica, dezvoltata intr-un proiect MCID\" class=\"wp-image-340\" srcset=\"https:\/\/net4air.eu\/home\/wp-content\/uploads\/2023\/03\/Mediafax.png 225w, https:\/\/net4air.eu\/home\/wp-content\/uploads\/2023\/03\/Mediafax-150x150.png 150w\" sizes=\"auto, (max-width: 225px) 100vw, 225px\" \/><\/a><\/figure>\n\n\n\n<figure class=\"wp-block-image size-large\"><a href=\"https:\/\/www.money.ro\/ministerul-cercetarii-net4air-primeste-finantare-din-partea-comisiei-europene\/\" target=\"_blank\" rel=\"noreferrer noopener\"><img loading=\"lazy\" decoding=\"async\" width=\"225\" height=\"225\" data-id=\"338\" src=\"https:\/\/net4air.eu\/home\/wp-content\/uploads\/2023\/03\/Money.png\" alt=\"Ministerul Cercet\u0103rii: NET4AIR prime\u015fte finan\u0163are din partea Comisiei Europene\" class=\"wp-image-338\" srcset=\"https:\/\/net4air.eu\/home\/wp-content\/uploads\/2023\/03\/Money.png 225w, https:\/\/net4air.eu\/home\/wp-content\/uploads\/2023\/03\/Money-150x150.png 150w\" sizes=\"auto, (max-width: 225px) 100vw, 225px\" \/><\/a><\/figure>\n\n\n\n<figure class=\"wp-block-image size-large\"><a href=\"https:\/\/www.news.ro\/economic\/ministerul-cercetarii-net4air-primeste-finantare-din-partea-comisiei-europene-1922401516302023021521020834\" target=\"_blank\" rel=\"noreferrer noopener\"><img loading=\"lazy\" decoding=\"async\" width=\"225\" height=\"225\" data-id=\"337\" src=\"https:\/\/net4air.eu\/home\/wp-content\/uploads\/2023\/03\/News.png\" alt=\"Ministerul Cercet\u0103rii: NET4AIR prime\u015fte finan\u0163are din partea Comisiei Europene\" class=\"wp-image-337\" srcset=\"https:\/\/net4air.eu\/home\/wp-content\/uploads\/2023\/03\/News.png 225w, https:\/\/net4air.eu\/home\/wp-content\/uploads\/2023\/03\/News-150x150.png 150w\" sizes=\"auto, (max-width: 225px) 100vw, 225px\" \/><\/a><\/figure>\n<\/figure>\n","protected":false},"excerpt":{"rendered":"<p>Press Releases NET4Air in Media Romanian Press on Project Launch<\/p>\n","protected":false},"author":1,"featured_media":0,"parent":0,"menu_order":0,"comment_status":"closed","ping_status":"closed","template":"net4air-page","meta":{"footnotes":""},"class_list":["post-56","page","type-page","status-publish","hentry"],"_links":{"self":[{"href":"https:\/\/net4air.eu\/home\/wp-json\/wp\/v2\/pages\/56","targetHints":{"allow":["GET"]}}],"collection":[{"href":"https:\/\/net4air.eu\/home\/wp-json\/wp\/v2\/pages"}],"about":[{"href":"https:\/\/net4air.eu\/home\/wp-json\/wp\/v2\/types\/page"}],"author":[{"embeddable":true,"href":"https:\/\/net4air.eu\/home\/wp-json\/wp\/v2\/users\/1"}],"replies":[{"embeddable":true,"href":"https:\/\/net4air.eu\/home\/wp-json\/wp\/v2\/comments?post=56"}],"version-history":[{"count":24,"href":"https:\/\/net4air.eu\/home\/wp-json\/wp\/v2\/pages\/56\/revisions"}],"predecessor-version":[{"id":673,"href":"https:\/\/net4air.eu\/home\/wp-json\/wp\/v2\/pages\/56\/revisions\/673"}],"wp:attachment":[{"href":"https:\/\/net4air.eu\/home\/wp-json\/wp\/v2\/media?parent=56"}],"curies":[{"name":"wp","href":"https:\/\/api.w.org\/{rel}","templated":true}]}}

<h4 class="wp-block-heading">Press Releases</h4>



<div class="wp-block-query is-layout-flow wp-block-query-is-layout-flow"><ul class="wp-block-post-template is-layout-flow wp-block-post-template-is-layout-flow"><li class="wp-block-post post-609 post type-post status-publish format-standard hentry category-media-news">
<h2 class="has-link-color justify-text wp-elements-01d8fc6b06189f94fd06838e8351d3c7 wp-block-post-title"><a href="https://net4air.eu/home/the-national-rd-institute-for-microtechnologies-launched-the-centre-of-excellence-in-air-monitoring-technologies/" target="_self" >The National R&amp;D Institute for Microtechnologies launched the Centre of Excellence in air monitoring technologies</a></h2>

<div class="justify-text wp-block-post-excerpt"><p class="wp-block-post-excerpt__excerpt">The National Institute for Microtechnology, IMT-Bucharest, announces the launch of the Net4Air Center of Excellence in environmental monitoring technologies. The event took place on October 12th, 2023, in Sinaia, in the presence of partners and representatives of local and central authorities. </p></div>


<hr class="wp-block-separator has-css-opacity"/>


<div class="wp-block-post-date"><time datetime="2023-10-16T07:27:09+00:00">October 16, 2023</time></div>
</li><li class="wp-block-post post-323 post type-post status-publish format-standard hentry category-media-news">
<h2 class="has-link-color justify-text wp-elements-01d8fc6b06189f94fd06838e8351d3c7 wp-block-post-title"><a href="https://net4air.eu/home/the-national-rd-institute-for-microtechnologies-in-bucharest-aims-to-put-romania-on-the-map-of-air-quality-monitoring-experts/" target="_self" >The National R&#038;D Institute for Microtechnologies in Bucharest aims to put Romania on the map of air quality monitoring experts</a></h2>

<div class="justify-text wp-block-post-excerpt"><p class="wp-block-post-excerpt__excerpt">The National Institute for Research and Development in Microtechnologies (IMT) Bucharest has obtained European Commission funding to improve its research capacity in the field of air quality monitoring, through a project within which the Romanian institution will benefit from the expertise of research institutions from Ireland and Italy. </p></div>


<hr class="wp-block-separator has-css-opacity"/>


<div class="wp-block-post-date"><time datetime="2023-02-15T14:33:00+00:00">February 15, 2023</time></div>
</li></ul></div>



<div style="height:60px" aria-hidden="true" class="wp-block-spacer"></div>



<h4 class="wp-block-heading">NET4Air in Media</h4>



<p><strong>Romanian Press</strong> <strong>on Project Launch</strong></p>



<figure class="wp-block-gallery has-nested-images columns-5 is-cropped wp-block-gallery-1 is-layout-flex wp-block-gallery-is-layout-flex">
<figure class="wp-block-image size-large"><a href="https://www.greennews.ro/article/romania-dezvolta-sisteme-portabile-de-monitorizare-a-calitatii-aerului-cu-bani-de-la-comisia-europeana" target="_blank" rel="noreferrer noopener"><img loading="lazy" decoding="async" width="251" height="201" data-id="339" src="https://net4air.eu/home/wp-content/uploads/2023/03/GreenNews.png" alt="România dezvoltă sisteme portabile de monitorizare a calității aerului cu bani de la Comisia Europeană" class="wp-image-339"/></a></figure>



<figure class="wp-block-image size-full"><a href="http://www.marketwatch.ro/articol/18038/IMT_Bucuresti_va_coordona_un_proiect_european_de_monitorizare_a_calitatii_aerului_prin_intermediul_nanoelectronicii/"><img loading="lazy" decoding="async" width="150" height="141" data-id="587" src="https://net4air.eu/home/wp-content/uploads/2023/10/MarketWatch.png" alt="" class="wp-image-587"/></a></figure>



<figure class="wp-block-image size-large"><a href="https://www.mediafax.ro/tehnologie/platforma-de-monitorizare-a-aerului-bazata-pe-nanoelectronica-dezvoltata-intr-un-proiect-mcid-21613944" target="_blank" rel="noreferrer noopener"><img loading="lazy" decoding="async" width="225" height="225" data-id="340" src="https://net4air.eu/home/wp-content/uploads/2023/03/Mediafax.png" alt="Platforma de monitorizare a aerului bazata pe nanoelectronica, dezvoltata intr-un proiect MCID" class="wp-image-340" srcset="https://net4air.eu/home/wp-content/uploads/2023/03/Mediafax.png 225w, https://net4air.eu/home/wp-content/uploads/2023/03/Mediafax-150x150.png 150w" sizes="auto, (max-width: 225px) 100vw, 225px" /></a></figure>



<figure class="wp-block-image size-large"><a href="https://www.money.ro/ministerul-cercetarii-net4air-primeste-finantare-din-partea-comisiei-europene/" target="_blank" rel="noreferrer noopener"><img loading="lazy" decoding="async" width="225" height="225" data-id="338" src="https://net4air.eu/home/wp-content/uploads/2023/03/Money.png" alt="Ministerul Cercetării: NET4AIR primeşte finanţare din partea Comisiei Europene" class="wp-image-338" srcset="https://net4air.eu/home/wp-content/uploads/2023/03/Money.png 225w, https://net4air.eu/home/wp-content/uploads/2023/03/Money-150x150.png 150w" sizes="auto, (max-width: 225px) 100vw, 225px" /></a></figure>



<figure class="wp-block-image size-large"><a href="https://www.news.ro/economic/ministerul-cercetarii-net4air-primeste-finantare-din-partea-comisiei-europene-1922401516302023021521020834" target="_blank" rel="noreferrer noopener"><img loading="lazy" decoding="async" width="225" height="225" data-id="337" src="https://net4air.eu/home/wp-content/uploads/2023/03/News.png" alt="Ministerul Cercetării: NET4AIR primeşte finanţare din partea Comisiei Europene" class="wp-image-337" srcset="https://net4air.eu/home/wp-content/uploads/2023/03/News.png 225w, https://net4air.eu/home/wp-content/uploads/2023/03/News-150x150.png 150w" sizes="auto, (max-width: 225px) 100vw, 225px" /></a></figure>
</figure>
